 of 1438?
2, 719
What are the prime factors of 54538?
2, 11, 37, 67
List the prime factors of 1629.
3, 181
List the prime factors of 7563.
3, 2521
List the prime factors of 2352.
2, 3, 7
List the prime factors of 140496.
2, 3, 2927
What are the prime factors of 14569?
17, 857
List the prime factors of 711.
3, 79
What are the prime factors of 9571?
17, 563
What are the prime factors of 1417?
13, 109
List the prime factors of 75825.
3, 5, 337
What are the prime factors of 1284?
2, 3, 107
What are the prime factors of 1930?
2, 5, 193
What are the prime factors of 38764?
2, 11, 881
List the prime factors of 1450.
2, 5, 29
List the prime factors of 3844.
2, 31
List the prime factors of 1689.
3, 563
What are the prime factors of 3943?
3943
List the prime factors of 3443.
11, 313
What are the prime factors of 9450?
2, 3, 5, 7
List the prime factors of 3054.
2, 3, 509
List the prime factors of 2990.
2, 5, 13, 23
What are the prime factors of 38566?
2, 11, 1753
What are the prime factors of 7192?
2, 29, 31
List the prime factors of 699.
3, 233
What are the prime factors of 591?
3, 197
What are the prime factors of 4796?
2, 11, 109
What are the prime factors of 946?
2, 11, 43
List the prime factors of 33258.
2, 3, 23, 241
List the prime factors of 1467.
3, 163
What are the prime factors of 326?
2, 163
List the prime factors of 147584.
2, 1153
List the prime factors of 536.
2, 67
What are the prime factors of 2884?
2, 7, 103
What are the prime factors of 4773?
3, 37, 43
List the prime factors of 72808.
2, 19, 479
What are the prime factors of 27235?
5, 13, 419
List the prime factors of 2580.
2, 3, 5, 43
List the prime factors of 106250.
2, 5, 17
What are the prime factors of 13276?
2, 3319
List the prime factors of 25568.
2, 17, 47
What are the prime factors of 4235?
5, 7, 11
What are the prime factors of 98641?
98641
List the prime factors of 159986.
2, 167, 479
What are the prime factors of 45?
3, 5
What are the prime factors of 4639?
4639
List the prime factors of 10081.
17, 593
List the prime factors of 302.
2, 151
What are the prime factors of 793?
13, 61
List the prime factors of 3726.
2, 3, 23
What are the prime factors of 3415?
5, 683
What are the prime factors of 13490?
2, 5, 19, 71
What are the prime factors of 1908?
2, 3, 53
What are the prime factors of 3592?
2, 449
List the prime factors of 3018.
2, 3, 503
List the prime factors of 12226.
2, 6113
List the prime factors of 9326.
2, 4663
List the prime factors of 13156.
2, 11, 13, 23
List the prime factors of 4258.
2, 2129
What are the prime factors of 23871?
3, 73, 109
What are the prime factors of 91233?
3, 31, 109
What are the prime factors of 11862?
2, 3, 659
List the prime factors of 35845.
5, 67, 107
What are the prime factors of 3057?
3, 1019
List the prime factors of 3370.
2, 5, 337
List the prime factors of 8021.
13, 617
List the prime factors of 6489.
3, 7, 103
List the prime factors of 23551.
11, 2141
List the prime factors of 8534.
2, 17, 251
What are the prime factors of 74585?
5, 7, 2131
What are the prime factors of 811?
811
What are the prime factors of 1829?
31, 59
What are the prime factors of 3003?
3, 7, 11, 13
List the prime factors of 4701.
3, 1567
List the prime factors of 1780.
2, 5, 89
List the prime factors of 1438.
2, 719
What are the prime factors of 2786?
2, 7, 199
What are the prime factors of 3105?
3, 5, 23
What are the prime factors of 9209?
9209
What are the prime factors of 14627?
14627
List the prime factors of 552.
2, 3, 23
List the prime factors of 118.
2, 59
What are the prime factors of 57600?
2, 3, 5
What are the prime factors of 20075?
5, 11, 73
List the prime factors of 4026.
2, 3, 11, 61
List the prime factors of 6279.
3, 7, 13, 23
List the prime factors of 23792.
2, 1487
List the prime factors of 27328.
2, 7, 61
List the prime factors of 456.
2, 3, 19
List the prime factors of 27793.
27793
What are the prime factors of 2000?
2, 5
List the prime factors of 95753.
7, 13679
What are the prime factors of 43?
43
What are the prime factors of 4672?
2, 73
What are the prime factors of 22044?
2, 3, 11, 167
What are the prime factors of 1983?
3, 661
List the prime factors of 56066.
2, 17, 97
What are the prime factors of 16707?
3, 5569
What are the prime factors of 2863?
7, 409
List the prime factors of 265.
5, 53
What are the prime factors of 9006?
2, 3, 19, 79
List the prime factors of 650.
2, 5, 13
What are the prime factors of 7947?
3, 883
What are the prime factors of 3394?
2, 1697
What are the prime factors of 407?
11, 37
List the prime factors of 276.
2, 3, 23
What are the prime factors of 407?
11, 37
What are the prime factors of 538?
2, 269
What are the prime factors of 16712?
2, 2089
What are the prime factors of 7576?
2, 947
List the prime factors of 1361.
1361
What are the prime factors of 17879?
19, 941
What are the prime factors of 80174?
2, 40087
What are the prime factors of 10821?
3, 3607
What are the prime factors of 9102?
2, 3, 37, 41
List the prime factors of 15163.
59, 257
List the prime factors of 3790.
2, 5, 379
List the prime factors of 6289.
19, 331
What are the prime factors of 4452?
2, 3, 7, 53
What are the prime factors of 9722?
2, 4861
What are the prime factors of 1863?
3, 23
List the prime factors of 1030.
2, 5, 103
What are the prime factors of 11564?
2, 7, 59
What are the prime factors of 10553?
61, 173
List the prime factors of 22904.
2, 7, 409
List the prime factors of 1260.
2, 3, 5, 7
What are the prime factors of 8283?
3, 11, 251
List the prime factors of 6462.
2, 3, 359
What are the prime factors of 5646?
2, 3, 941
What are the prime factors of 9956?
2, 19, 131
What are the prime factors of 999?
3, 37
List the prime factors of 8803.
8803
List the prime factors of 1479.
3, 17, 29
List the prime factors of 41207.
89, 463
List the prime factors of 49680.
2, 3, 5, 23
List the prime factors of 5341.
7, 109
What are the prime factors of 4780?
2, 5, 239
List the prime factors of 101419.
101419
List the prime factors of 36475.
5, 1459
List the prime factors of 56217.
3, 7, 2677
What are the prime factors of 3732?
2, 3, 311
What are the prime factors of 22798?
2, 11399
What are the prime factors of 1361?
1361
What are the prime factors of 448?
2, 7
List the prime factors of 3996.
2, 3, 37
List the prime factors of 691.
691
List the prime factors of 1328.
2, 83
List the prime factors of 640.
2, 5
What are the prime factors of 8104?
2, 1013
List the prime factors of 33320.
2, 5, 7, 17
List the prime factors of 11138.
2, 5569
What are the prime factors of 626?
2, 313
List the prime factors of 117530.
2, 5, 7, 23, 73
What are the prime factors of 1547?
7, 13, 17
List the prime factors of 5452.
2, 29, 47
What are the prime factors of 52226?
2, 26113
What are the prime factors of 6501?
3, 11, 197
What are the prime factors of 80646?
2, 3, 13441
List the prime factors of 10270.
2, 5, 13, 79
What are the prime factors of 27155?
5, 5431
What are the prime factors of 213?
3, 71
List the prime factors of 359.
359
What are the prime factors of 4794?
2, 3, 17, 47
List the prime factors of 3311.
7, 11, 43
What are the prime factors of 19561?
31, 631
List the prime factors of 69943.
23, 3041
List the prime factors of 81641.
7, 107, 109
List the prime factors of 757.
757
List the prime factors of 57895.
5, 11579
What are the prime factors of 4322?
2, 2161
What are the prime factors of 8505?
3, 5, 7
List the prime factors of 1326.
2, 3, 13, 17
What are the prime factors of 2255?
5, 11, 41
What are the prime factors of 49532?
2, 7, 29, 61
What are the prime factors of 6711?
3, 2237
What are the prime factors of 14236?
2, 3559
List the prime factors of 2457.
3, 7, 13
List the prime factors of 2393.
2393
What are the prime factors of 833?
7, 17
List the prime factors of 74906.
2, 13, 43, 67
What are the prime factors of 6391?
7, 11, 83
What are the prime factors of 3637?
3637
List the prime factors of 41365.
5, 8273
What are the prime factors of 17674?
2, 8837
What are the prime factors of 26119?
26119
List the prime factors of 37132.
2, 9283
List the prime factors of 5340.
2, 3, 5, 89
What are the prime factors of 29306?
2, 14653
List the prime factors of 5683.
5683
What are the prime factors of 13718?
2, 19
List the prime factors of 2800.
2, 5,